+ 1. Let s(n) = -5*h(n) - 3*t(n). Let a(o) = -3*o + 5. Let z be a(3). List the prime factors of s(z).
2, 3, 5
Let m = -1168 + 1355. What are the prime factors of m?
11, 17
Let b(t) = -18*t**2 - 2*t - 3. Let u(l) = 72*l**2 + 9*l + 13. Let i(o) = -9*b(o) - 2*u(o). Let f be i(1). Suppose -f = 5*x - 59. List the prime factors of x.
2
Let f = -1653 - -4394. List the prime factors of f.
2741
Let y = -20 - -23. Suppose y*m - 3 = 6. Suppose 2*q = m*t - 15, 18 = 3*t - 6*q + 3*q. List the prime factors of t.
3
What are the prime factors of (-12)/18 - 5243/(-21)?
3, 83
Let q(s) = -385*s + 5. Let r be q(-1). Suppose 426 = 3*k - r. List the prime factors of k.
2, 17
Suppose 0*o = 5*o - 15. Suppose 3 + 3 = o*c. Suppose 4*h - 56 = 4*q, h = -c*h + q + 44. What are the prime factors of h?
3, 5
Let m(o) = 12*o**2 + 22*o + 5. Let p be m(-5). Suppose -2*z - 53 = -p. What are the prime factors of z?
71
Let m(c) = 797*c + 1. Let r be m(1). Suppose 4*w - 11*w = -r. List the prime factors of w.
2, 3, 19
Suppose 209 = 10*m - 5401. List the prime factors of m.
3, 11, 17
Suppose -23*g - 11319 = -44*g. What are the prime factors of g?
7, 11
Let k be 6/(-24) + 0 + (-3363)/(-12). Suppose 4*l + 5*w = 550, -2*w + k = 4*l - 264. What are the prime factors of l?
3, 5
Let f(y) = 3*y - 19. Let z be f(8). What are the prime factors of 75 + -4 - (-1 + z)?
67
Suppose -3*c + 5*b + 194 = 0, 5*c + b + 64 = 406. List the prime factors of 8/c + 3645/85.
43
Suppose -i + 20 = -6*i. Let g be i + 4 + 6 + -4. What are the prime factors of 5 + -4 + 4 + g?
7
Let u(l) = -l**3 - 4*l**2 - l. Let c be u(-4). Suppose c*k + 52 = 4*f, 0*k = -f + 4*k + 25. What are the prime factors of f?
3
List the prime factors of 1 - -3 - (-314 + -14).
2, 83
List the prime factors of (-35)/(-10)*(-1632)/(-84).
2, 17
Let w(q) = -83*q**2 - 2*q. Let c be w(-1). Let n = c - -117. Suppose -110 = -4*r + r - h, -n = -r - h. List the prime factors of r.
37
Suppose 5*g - 5919 = -20*v + 21*v, -5*g + 5*v + 5935 = 0. List the prime factors of g.
7, 13
Suppose 5*j = 3*o + 5906, -5*j + 5*o - 2350 = -7*j. What are the prime factors of j?
2, 5, 59
Let z be -124 - 3*(-16)/(-12). Let r = 43 - -142. Let x = r + z. List the prime factors of x.
3, 19
Suppose -6*i = -2*i + 48. Let q = 79 + i. Suppose 3*v - 2*d - q = 0, -5*v + 3*d + 104 = -6. What are the prime factors of v?
19
Let v be (-48)/(3 - (4 + -2)). Let i be 9/3 - (-3 - 61). Let f = i + v. What are the prime factors of f?
19
Let u be (-5)/(-20) + 18/(-8). Let n(g) = -36*g + 7. What are the prime factors of n(u)?
79
Suppose -35 = 3*m - m + 5*i, 40 = -5*m - 3*i. Let r(j) = 70 - 30 + 0*j + j - 30. List the prime factors of r(m).
5
List the prime factors of 11 + 20460/6 + -10.
3, 379
Let w be 2/(-11) - (-144)/66. Let d be -3*(-21)/(2/w). Suppose -d = -2*g - g. What are the prime factors of g?
3, 7
Suppose -2*x = -6*x - 2*u, -14 = x + 4*u. Suppose 0 = 2*k - 4*k - 5*d + 177, -2*d + 174 = x*k. List the prime factors of k.
2, 43
Let x(j) = j**2 - j + 25. List the prime factors of x(-21).
487
Suppose 0*i - 3*i = j - 18, 2*i = 2*j + 4. Suppose 0 = j*f - 2*f. Suppose f*l + 60 = 4*l. What are the prime factors of l?
3, 5
Let v(t) = -t**3 + 24*t**2 - 39*t - 12. List the prime factors of v(22).
2, 7
Suppose 0 = h - 65 - 14. Let v = h + -70. What are the prime factors of v?
3
Let p = 35 - -30. Suppose 9*u - 4*u - 5*d - 20 = 0, 3*d = -4*u + 9. Suppose 3*v - u*q = 2*q + 43, q - p = -4*v. What are the prime factors of v?
2
Let b = 635 + -542. Suppose -17 = x + 31. Let h = x + b. List the prime factors of h.
3, 5
Suppose 0 = 5*d + 5*r - 1025, -2*d + 15*r = 14*r - 398. What are the prime factors of d?
3, 67
Let q = -3316 - -5612. List the prime factors of q.
2, 7, 41
Let g(c) = 136*c**2 + 4*c - 1. Let p be g(-2). Suppose -6*b = -p - 347. What are the prime factors of b?
3, 7
Let g(h) = 11*h. Let i be g(2). Suppose 0 = 5*v - i + 7. What are the prime factors of v + ((-6)/(-2) - -24)?
2, 3, 5
Let i = 10 - 14. Let n = 1 + -16. Let o = i - n. List the prime factors of o.
11
Let j(z) = -10*z**3 - 4*z**2 + 3*z + 47. List the prime factors of j(-6).
5, 409
Suppose 8*a - 828 = 4*a. Suppose -16*g = -19*g + a. List the prime factors of g.
3, 23
Let k(t) = t**3 + 10*t**2 + 17*t + 12. Let y be k(-8). List the prime factors of ((-828)/(-54))/(y/90).
3, 5, 23
Suppose -5*i = 7*u - 4*u + 16, -4 = 2*i. What are the prime factors of -1 - -140 - (0 + 4 + u)?
137
Let i = -259 + 483. List the prime factors of i.
2, 7
Let d be (-2)/(-9) + 1010/(-9). Let i = -9 - d. What are the prime factors of i?
103
Suppose -164 = -2*z + 390. List the prime factors of z.
277
Let d = 296 - 482. Let h = d - -316. List the prime factors of h.
2, 5, 13
Let d = -53 - -323. Suppose 5*v = -0*v + d. What are the prime factors of v?
2, 3
Let o be 5/(-10) - (-84)/8. Suppose 3*u - 1755 = -o*u. What are the prime factors of u?
3, 5
Let u = 4860 + -2523. List the prime factors of u.
3, 19, 41
Suppose -r = 2*u - 2267, 3*r - 5 - 4 = 0. List the prime factors of u.
2, 283
Let c(j) = 75*j + 8. Suppose -3*y + 24 = 4*i, 5*i + 3*y - 31 + 4 = 0. List the prime factors of c(i).
233
Suppose 13*p - 648 + 89 = 0. Let b(h) = -h**3 - 4*h**2 + h. Let c be b(-4). Let d = p - c. List the prime factors of d.
47
Let n(o) = -3*o - 16. Let y be n(-7). Let l be (-12)/y - 10/(-25). What are the prime factors of 3 - 5 - l - -6?
2, 3
Suppose s = 3*x - 1573, 4*x + x + 3*s - 2631 = 0. Suppose -13*r + x = -10*r. List the prime factors of r.
5, 7
Suppose 2*y = -4*s + 32, -12 - 8 = -5*y + 5*s. Suppose 4*q + 4 = 2*p + 2*q, 0 = -4*p + 3*q + y. List the prime factors of (p/(-4))/(1/(-74)).
37
Let r be (-2)/(-4) + (-18)/(-4). Suppose 0 = 3*d, k + 0*d + r*d - 3 = 0. Let z(b) = b**3 - 4*b**2 + 4*b - 1. List the prime factors of z(k).
2
Let q = 114 + -112. Suppose -q*s = 5*x - 330, 12*s + 4*x - 859 = 7*s. What are the prime factors of s?
5, 7
Let u(z) = z**3 - 3*z**2 - 4*z - 1. Let p be u(4). What are the prime factors of (p + 2)*(-100)/(-1 - 3)?
5
Suppose -2*s + 2 = 0, -3*s = 3*r - s + 1. Let h = r + 19. Suppose 13*c = h*c - 350. List the prime factors of c.
2, 5, 7
List the prime factors of (-1)/(28/(-17132)) - 2/(-14).
2, 3, 17
Let k be 3 - (8 + -4 - 3). Suppose 32 = -k*w - 2. What are the prime factors of (-4)/(1*1/w)?
2, 17
Suppose 0 = -14*q + 15*q - 3*o - 1282, 2*q - 2569 = o. What are the prime factors of q?
5, 257
Let m(s) = -71*s**3 - 3*s - 1. Let i(x) = x. Suppose -2*v - 5*j = 3*v + 5, 3*v = 5*j + 21. Let k(l) = v*i(l) + m(l). What are the prime factors of k(-1)?
71
What are the prime factors of 4/6 + ((-23848)/(-12) - 5)?
3, 661
Let s(i) = 5*i + i**2 - 2*i**2 + 2*i**2 + 8 - 6. Let j(r) = -r**3 - 4*r**2 - 2*r - 2. Let p be j(-2). List the prime factors of s(p).
2
Suppose 5*n - 3832 = -2*c, 3*n + 4896 = 4*c - 2768. What are the prime factors of c?
2, 479
Suppose 6*u - 3*g - 4895 = u, 0 = g. List the prime factors of u.
11, 89
Let q be 314/4 + (-4)/(-16)*-2. Let o = 152 - q. List the prime factors of o.
2, 37
Let d(t) = t + 3. Let k be d(-8). Suppose -4*c = 4*s - 70 - 38, 4*c - 100 = 4*s. Let w = c + k. List the prime factors of w.
3, 7
Let r = 3 - -1. Suppose 2*j - p = -5, -3*p + 11 = 3*j - r. Suppose 0 = 7*h - 3*h - 5*d - 23, -4*h - d + 53 = j. List the prime factors of h.
2, 3
Suppose 5*t = -15, v + 58 = t + 298. List the prime factors of v.
3, 79
Suppose 178 + 299 = 3*x. Let i = -161 + 270. Let f = x - i. List the prime factors of f.
2, 5
Let t(f) = 37*f**2 + 6*f - 15. Let z(p) = 18*p**2 + 3*p - 7. Let x(d) = -4*t(d) + 9*z(d). What are the prime factors of x(-2)?
47
Let t be 3/(-6)*4 + -7. Let a(n) = n**2 - 3*n + 3. What are the prime factors of a(t)?
3, 37
Let x(u) = 23*u**2 - 6*u - 4. List the prime factors of x(-3).
13, 17
Suppose 2*a + 1968 = 8*a. Suppose -5*f = 4*o - 0*f - a, -2*o + f = -150. List the prime factors of o.
7, 11
Let y(p) = -p**2 + 8*p - 3. Let v be y(5). Let w be 0*((-6)/2)/(-6). Suppose -5*h + 45 = 5*g - 80, -4*g - v = w. List the prime factors of h.
2, 7
Suppose 16*m = 11*m - 25. Let g be 2*(-6)/15*m. Suppose -g*u + 33 = 1. List the prime factors of u.
2
Let d = 49 - 30. Let b be d*((-18)/(-3))/(-2). Let k = -15 - b. List the prime factors of k.
2, 3, 7
Let a(j) = j**3 + 15*j**2 - j + 1. Let u be a(-15). Let r = u - 7. List the prime factors of 